 -15*j = -18*j + 6. Let m be j/(-6) - ((-3520)/(-12))/8. Let h = m - -39. Calculate the greatest common factor of 2 and h.
2
Let k be 2*((-46)/(-4) - 1). Suppose -2*f = -w + 20, -2*w + 76 = -14*f + 19*f. Calculate the greatest common divisor of w and k.
7
Let g(a) = -a**3 - 2*a**2 - 2*a + 2. Let j be g(-2). Let y = -3415 - -3490. Calculate the highest common factor of y and j.
3
Let y be (-3 + -3)*8/(-12). Let p(u) = -y + 9*u**2 - 13*u - 6*u - u**2 + u**3 + 12*u. Let i be p(-8). What is the highest common divisor of 4 and i?
4
Suppose -114 - 276 = -2*j. Let t(w) = w**2 - 418*w + 7260. Let z be t(18). What is the highest common factor of j and z?
15
Suppose -p + 2*d + 97 + 979 = 0, p + d = 1079. Calculate the highest common factor of p and 2.
2
Let u = 182 - 193. Let r = u - -24. What is the greatest common divisor of 39 and r?
13
Suppose 0 = -2*a + q + 7, 6*q - 2*q - 17 = -a. Let m be a + (-1 + -4)/(-5). Let n = -8 + 26. Calculate the greatest common factor of m and n.
6
Suppose -5*d + 1061 = 3*h, 213 = 5*d - 5*h - 832. What is the greatest common divisor of 1 and d?
1
Let o(v) = 412*v + 975. Let i be o(52). What is the greatest common divisor of i and 13?
13
Suppose 0 = 16*m - 125*m + 654 + 218. What is the highest common divisor of m and 104?
8
Let k = -58 - -125. Suppose 0 = 21*t - 59 - k. Calculate the highest common divisor of 39 and t.
3
Suppose -6*t + 44 = -2*t. Suppose -t*w + 4 = -9*w. Suppose w*o = -5*n + 176, -31 = -n + 4*o - 9. Calculate the greatest common factor of 170 and n.
34
Let t(r) = r**3 + 6*r**2 + 57*r + 147. Let k be t(-3). Calculate the highest common divisor of k and 263.
1
Let q(i) = 3*i**2 - 3*i - 122. Let s be q(8). What is the greatest common factor of s and 6463?
23
Let t = 395 + -338. Suppose 0 = -4*s + x + 219, 5*s - 210 = -x + t. What is the highest common divisor of s and 72?
18
Suppose 29 = -5*x + 5*v + 9, x - 14 = -5*v. Let i be ((-76)/57)/(x/18). What is the highest common factor of 20 and i?
4
Let y(b) = -45*b. Let o be y(-1). Suppose 2*d - d + 54 = 4*l, l = 2*d + 108. Let t = 69 + d. What is the greatest common divisor of t and o?
15
Let n be (198/(-12))/((-9)/6). Let u(t) = 2*t**2 - 12*t + 15. Let k be u(n). What is the greatest common factor of k and 50?
25
Suppose -172*d - 261120 = -652*d. Calculate the highest common divisor of 731 and d.
17
Suppose 150 = 15*d + 59*d - 2958. Calculate the greatest common factor of d and 854.
14
Let h(z) = 48*z**2 - 20*z + 23*z**2 + 67 - 70*z**2. Let c be h(17). Calculate the greatest common divisor of 640 and c.
16
Suppose -3*c = -c + c. Suppose 19*m - 2089 - 1369 = c. Calculate the highest common factor of m and 21.
7
Let a(m) = 6*m + 21. Let k(v) = -1. Suppose 6 - 12 = 6*j. Let r(d) = j*a(d) + 6*k(d). Let s be r(-5). Calculate the greatest common factor of 3 and s.
3
Suppose -5*c - 560 = -3*w, 4*c + 4*w + 445 = 7*w. Let s = 315 + c. What is the greatest common divisor of 25 and s?
25
Suppose 3*q - 4*q + 342 = 8*q. What is the highest common divisor of q and 5491?
19
Suppose 2*g = 16*g - 2*g - 1008. Calculate the greatest common divisor of g and 324.
12
Suppose -3*c = -k - 181 + 865, 5296 = 8*k - 2*c. Calculate the highest common divisor of k and 12804.
132
Let l be (2/1)/(84/630). Let v(u) = u + 1. Let o be (16/24)/(2/6). Let w be v(o). What is the greatest common factor of w and l?
3
Let q be 16*25/75*(-51)/(-4)*4. What is the greatest common factor of q and 464?
16
Suppose 3 = -g - 4*m + 31, -5*m + 15 = 0. Let w = 13 - g. Let v be 11*(-8)/w + (-120)/(-180). What is the highest common factor of 150 and v?
30
Suppose -1 = u + 2. Let w be ((-16)/6)/((-4)/414*u). Let o = -89 - w. Calculate the greatest common factor of o and 27.
3
Let y(h) = -7 - 2*h - 11*h**2 - 13*h + 2*h**2 + 3*h**2 + h**3. Let g be y(8). Calculate the highest common factor of g and 31.
1
Let w = -56 - -124. Let i = -925 + 993. Calculate the greatest common divisor of i and w.
68
Let j = 387 + -188. Suppose 202*h = j*h + 132. Calculate the greatest common factor of h and 110.
22
Let p be (-30)/105 + 38/(-14). Let k be (4 - 3) + (-6)/p*8. Suppose -2*i + 32 = -2. What is the highest common divisor of k and i?
17
Let f = 2811 + -208. What is the highest common divisor of f and 137?
137
Suppose r - 333 = 3*k - 1175, k = 3*r + 286. Suppose 70*t - 1008 = 61*t. Calculate the highest common divisor of k and t.
56
Let f = 153 + -151. Let s be ((-1449)/(-18))/(1/f). Calculate the greatest common factor of s and 7.
7
Let w be ((-630)/(-441))/((-1)/133*-1). What is the greatest common factor of 836 and w?
38
Let p be (47 - 35)*4/3. Suppose 593 = -p*n + 2113. Calculate the greatest common divisor of 19 and n.
19
Let i = 28280 + -28152. What is the greatest common divisor of i and 80?
16
Suppose 20*j + 32*j = 6*j + 18216. Calculate the highest common factor of 28 and j.
4
Let r(f) = -f**3 + 6*f**2 + 424*f + 128. Let w be r(20). What is the highest common divisor of w and 94?
94
Suppose 0 = 3*x - k - 37 - 20, 5*x - 105 = 5*k. Let n(g) = 16*g - 30. Let d be n(12). What is the greatest common factor of d and x?
18
Suppose 5*c = 3*w - 7100, 23 = 2*c + 13. Calculate the highest common divisor of 19 and w.
19
Let y(t) = 30*t - 14*t + 6 - 15*t. Let q be y(-3). Suppose x - 82 + 21 = -5*s, q*s - 2*x - 47 = 0. Calculate the highest common divisor of 65 and s.
13
Let z(s) = s**3 + 2*s**2 - 50*s + 40. Let q be z(8). What is the greatest common factor of 1180 and q?
20
Suppose 3*f - 21 = -36. Let t be 3*52*f/10*-2. What is the greatest common factor of 24 and t?
12
Suppose 36*p = -356 + 1076. Calculate the greatest common factor of p and 160.
20
Let g(z) = -2*z + 3 + z**3 - 3*z**2 + 6 - 6 + 1. Let o be g(4). Suppose -o = -8*q + 2*q. Calculate the highest common factor of 10 and q.
2
Let f = 2 - 1. Suppose -3*y + 4*l + 12 = 0, 5*y + 29*l = 31*l + 6. Suppose -5*p + f + 129 = y. What is the highest common factor of p and 65?
13
Suppose -10*u - 10 = -5*u, 15 = 5*r + 5*u. Suppose -v - 2*v + 28 = -4*j, 19 = 3*v + r*j. What is the greatest common divisor of v and 64?
8
Suppose -112*y + 226316 = -52*y - 31*y. Calculate the highest common factor of 8 and y.
4
Let u(o) be the third derivative of o**4/6 + o**3/2 - 22*o**2. Let s be u(-2). Let x be (-2)/20*s*128. What is the highest common factor of 16 and x?
16
Suppose 0 = 129*f - 21372 - 24032 - 21418. Let g be (-33 + -4)/(2/(-4)). What is the highest common factor of f and g?
74
Let k(l) = -38*l**3 - 5*l**2 + 3*l + 0*l**2 - 10 + 23*l**3 + 16*l**3. Let u be k(6). Calculate the greatest common factor of 198 and u.
22
Let x(u) = 27*u**2 - 60*u - 201. Let q be x(-3). What is the greatest common divisor of q and 3737?
37
Let x(k) = -8*k**3 - 17*k**2 - 32*k - 155. Let d be x(-12). Calculate the greatest common divisor of d and 55.
55
Let x = -25078 + 32087. Calculate the highest common divisor of x and 163.
163
Let v(m) = -6*m + 349. Let x be v(55). Suppose 0 = 5*s - s + 2*j - 304, -4*j + 304 = 4*s. What is the highest common factor of s and x?
19
Let d be (-3)/21 - (-45340)/252 - 36/(-162). What is the highest common divisor of 468 and d?
36
Let q be 15*((-66)/(-15) + 0) - -2. Suppose 4*i = 16 + q. What is the greatest common divisor of 903 and i?
21
Suppose 0 = 5*b - 3*v - 61, -20*v + 26 = 2*b - 22*v. Calculate the highest common divisor of b and 3058.
11
Let t = 745 - 731. What is the highest common divisor of t and 2107?
7
Let j be ((-14)/(-18) - 1 - 357880/(-828))*34. Calculate the greatest common divisor of j and 51.
51
Let p be (-2)/(1/((-1167)/(-2))). Let q be (-2)/(-20) - p/30. Let r = q + -15. What is the greatest common divisor of r and 36?
12
Suppose -2*k + 834 = 2*d, 23*d - 24*d + 427 = -4*k. Suppose -459 + d = -4*o. What is the highest common factor of 50 and o?
10
Suppose 3*q + 4*g - 30 = 0, -4*q = -g - 2*g - 15. Let t(r) = 21*r**2 + 2*r + 78. Let p be t(0). Calculate the greatest common factor of q and p.
6
Suppose -u + 6 = -0. Suppose 14 = 3*g - 4*l + 8*l, u = 5*g - 2*l. Suppose 5*p = g*s - 14, -2*p = 10 - 6. What is the highest common divisor of 5 and s?
1
Let l be 630/2 - (23 + -20). Calculate the greatest common divisor of 4836 and l.
156
Let d(p) = -p**3 + 29*p**2 - p + 95. Let j be d(29). What is the greatest common divisor of j and 693?
33
Let n = 812 - 66. Suppos